{"id":18,"date":"2020-03-09T15:14:44","date_gmt":"2020-03-09T14:14:44","guid":{"rendered":"http:\/\/serwer2087331.home.pl\/autoinstalator\/wordpress1\/?page_id=18"},"modified":"2020-05-23T21:16:09","modified_gmt":"2020-05-23T19:16:09","slug":"o-nas","status":"publish","type":"page","link":"http:\/\/fundacjaleszy.org\/index.php\/o-nas\/","title":{"rendered":"O nas"},"content":{"rendered":"<p><span style=\"display: inline !important; float: none; background-color: #ffffff; color: #333333; font-family: 'Open Sans'; font-size: 14px; font-style: normal; font-variant: normal; font-weight: 400; letter-spacing: normal; orphans: 2; text-align: left; text-decoration: none; text-indent: 0px; text-transform: none; -webkit-text-stroke-width: 0px; white-space: normal; word-spacing: 0px;\">Wierzymy, \u017ce ma\u0142e kroki prowadz\u0105 do wielkich zmian. Korzystamy z potencja\u0142u ludzi, edukacji i nowych technologii, aby chroni\u0107 i odbudowywa\u0107 \u015brodowisko naturalne.<\/span><\/p>\n","protected":false},"excerpt":{"rendered":"Wierzymy, \u017ce ma\u0142e kroki prowadz\u0105 do wielkich zmian. Korzystamy z potencja\u0142u ludzi, edukacji i nowych technologii, aby chroni\u0107 i odbudowywa\u0107 \u015brodowisko naturalne.\n","protected":false},"author":1,"featured_media":0,"parent":0,"menu_order":0,"comment_status":"closed","ping_status":"closed","template":"","meta":{"footnotes":""},"class_list":["post-18","page","type-page","status-publish","hentry"],"_links":{"self":[{"href":"http:\/\/fundacjaleszy.org\/index.php\/wp-json\/wp\/v2\/pages\/18","targetHints":{"allow":["GET"]}}],"collection":[{"href":"http:\/\/fundacjaleszy.org\/index.php\/wp-json\/wp\/v2\/pages"}],"about":[{"href":"http:\/\/fundacjaleszy.org\/index.php\/wp-json\/wp\/v2\/types\/page"}],"author":[{"embeddable":true,"href":"http:\/\/fundacjaleszy.org\/index.php\/wp-json\/wp\/v2\/users\/1"}],"replies":[{"embeddable":true,"href":"http:\/\/fundacjaleszy.org\/index.php\/wp-json\/wp\/v2\/comments?post=18"}],"version-history":[{"count":2,"href":"http:\/\/fundacjaleszy.org\/index.php\/wp-json\/wp\/v2\/pages\/18\/revisions"}],"predecessor-version":[{"id":66,"href":"http:\/\/fundacjaleszy.org\/index.php\/wp-json\/wp\/v2\/pages\/18\/revisions\/66"}],"wp:attachment":[{"href":"http:\/\/fundacjaleszy.org\/index.php\/wp-json\/wp\/v2\/media?parent=18"}],"curies":[{"name":"wp","href":"https:\/\/api.w.org\/{rel}","templated":true}]}}

<p><span style="display: inline !important; float: none; background-color: #ffffff; color: #333333; font-family: 'Open Sans'; font-size: 14px; font-style: normal; font-variant: normal; font-weight: 400; letter-spacing: normal; orphans: 2; text-align: left; text-decoration: none; text-indent: 0px; text-transform: none; -webkit-text-stroke-width: 0px; white-space: normal; word-spacing: 0px;">Wierzymy, że małe kroki prowadzą do wielkich zmian. Korzystamy z potencjału ludzi, edukacji i nowych technologii, aby chronić i odbudowywać środowisko naturalne.</span></p>

Wierzymy, że małe kroki prowadzą do wielkich zmian. Korzystamy z potencjału ludzi, edukacji i nowych technologii, aby chronić i odbudowywać środowisko naturalne.
